 the value of 14 - 2 - (129 + (-18 + 36 + -41 - -18))?
-112
What is -28 - 7 - 22 - -16 - -22?
-19
Evaluate -21 + (123 - 49) + -9 + 1.
45
Calculate 16 + (-39 - -77) + -53.
1
Calculate -1 + 1 + 27 + -1 + -385 + (1017 - 632).
26
Calculate (-16 - -3 - -2) + -2 + 2 - (-1374 - -1492).
-129
33 + (-25 - -94) + -57
45
-59 + (13 - 5 - -2) + -5 + 13
-41
Evaluate (-15 - -36) + -34 - (-5 + 29).
-37
-19 - (10 - (0 - -5 - (-3 + -16)))
-5
What is -2 + 15 + -40 - -68?
41
Calculate 9 + (-1 + -3 - (-4 - (1 + -4))).
6
What is the value of 34 + (10 - ((-67 - -62) + (25 - -1)))?
23
What is (102 + -60 - 51) + (66 - 0)?
57
Calculate 4 + (1 + -2 - (43 - (96 + -43))).
13
What is (-2 - -30) + (41 - (-112 - -166))?
15
1 + 1 + (86 - -11 - 42) + 50
107
What is 2 + -9 - ((-12 - (-4 - -8)) + -10 + 12)?
7
Calculate 0 - -5 - (-1 + -14 + -15 + -2).
37
Calculate (-3 + 26 - 28 - (-5 - -1)) + 32.
31
(-5 - 17 - 88) + 8 - (14 - (-1 - -4))
-113
Evaluate -5 - -22 - ((20 - (-33 - -11)) + 13).
-38
-57 + -51 + (25 - -30)
-53
138 + -140 + (-1 - 0) + -81 + 16 + -12
-80
What is -80 + 90 + -9 + 1 + -28?
-26
Evaluate -47 - ((-9 - -1 - (-117 - -118)) + (1 - -10)).
-49
What is 51 + -3 - (44 - -11)?
-7
Calculate (4 - (-1 + 2)) + 4070 + -4063 + -4.
6
Evaluate 8 - (14 - ((21 - 10) + -8 - 14)).
-17
Calculate (92 - -43) + -78 - 65.
-8
-11 - (-8 + (-3 - 13 - -11 - -7)) - -33
28
What is -6 - (-65 + 75 + -65)?
49
What is the value of 2 - (104 + (-7 - 2) + -5)?
-88
Calculate 41 - (25 + (-8 - (1 + 24))).
49
Evaluate (64 - (-88 + 93)) + -40.
19
What is the value of -58 + (59 - (-30 - -24))?
7
Evaluate 22 + 146 + -74 - (8 - (0 - 0)).
86
Evaluate 2 - -9 - 22 - (-19 - -4 - (8 - 14)).
-2
(72 - 212) + 98 - (-26 + -1)
-15
-82 - -127 - ((-1 - -4) + 13)
29
What is the value of (1 - 17) + 66 + 26 + -18?
58
What is -9 + (10 - (-3 - (-20 + 11) - -7 - 9))?
-3
(73 - 57) + (-48 - 0) - -4
-28
What is the value of (-52 - 3) + 95 - 38?
2
Evaluate 25 - 9 - 4 - (-101 - -105).
8
What is the value of (-11 + 20 - 9 - 5) + 3 - 12?
-14
What is the value of -111 + (-13 - (21 + -14) - -17) - -1?
-113
What is (-9 - (22 + (2 - 14) + -8) - -90) + 11?
90
Calculate -32 + 152 + -31 + 71 + -86.
74
What is (102 + -268 - -50) + 96?
-20
Calculate -39 + 24 + -5 + (-13 - -1) + 13.
-19
What is the value of (-64 + 52 - (-23 + (2 - 1))) + -18?
-8
54 - 4 - (57 - (104 - 60))
37
Calculate 23 + -168 - (-62 - -4).
-87
Calculate 27 + 22 + -48 + (-10 - -26).
17
Evaluate 163 + (-112 + 90 - 58).
83
Calculate 14 + -36 + (18 - (-10 - -21)) - 41.
-56
What is the value of -8 - (100 + 11 + 2 + -26)?
-95
Calculate -1 - 38 - (-46 - (-71 + 34)).
-30
What is the value of (39 - -41) + -98 - -30?
12
24 - (-2 + (38 - 32) - -15)
5
What is (-12 - (32 - 34) - (-19 - -1)) + 7 - 77?
-62
What is the value of (-1 - (-10 - 23 - -65)) + 7?
-26
Evaluate 46 - (-6 + (1 - 6) + 6 - (-16 + 10)).
45
1 - (0 - -7) - (-14 + -5 + -50 + -3)
66
What is the value of -1 + (-21 + 1 - (221 + -250))?
8
What is (83 - (-117 - -213)) + 1 + -2 - (-105 + 1)?
90
What is the value of (-42 - (6 - -3)) + (-39 + 47 - (-1 + 12))?
-54
Calculate (0 - (4 + 31 + -9)) + 9 + -23.
-40
What is -1 + -62 + (76 - (-182 + 265))?
-70
What is the value of (-6 - -17) + (8 - (98 + (4 - (2 + 13))))?
-68
Calculate 1 + (16 - 8) + -9 + 15 + -102.
-87
Evaluate -14 + 16 - (0 + 15) - (-50 + 110 + -11).
-62
2 + (21 - (2 - (-19 + 13 + 5)))
20
Calculate 7 + -9 + -2 + 8 - 11 - (9 - 13).
-3
Evaluate 86 + -94 - -10 - 88.
-86
What is -5 + -2 + -17 - 3?
-27
What is the value of -101 - (-25 - -29) - -150?
45
What is (-39 - -11) + (-129 - -145)?
-12
Calculate 7 + (60 - (10 - -5)).
52
What is the value of -2 + -5 - (3 - (31 - (4 - 3)))?
20
Evaluate 10 + -2 + (-17 - -16) + -6 + -72.
-71
17 - 35 - (-5 + -2 + 24)
-35
What is the value of 14 + -6 + 53 - (22 + 0)?
39
11 + (-3 + 16 - (8 - 15 - -23))
8
Evaluate (13 - 56) + 105 + -67 + 101 + 0.
96
(3 - 0) + -1 + -10 - (6612 + -6616)
-4
Calculate 485 + -494 + 5 + -1 + -18.
-23
Evaluate -17 + 22 + (-17 - 6 - -14).
-4
What is 9 + (-20 - (43 - (72 + -35)))?
-17
-82 - 25 - (13 + -152)
32
What is -2 + -52 - (-264 + 167)?
43
What is the value of -5 - ((53 - 23) + -29)?
-6
What is (7 - (65 + 22)) + 12 - (-9 - (-4 + 4))?
-59
3550 - 3517 - (-33 + -1 + 0)
67
What is (596 - 602) + (0 - (-5 - -48))?
-49
What is the value of 39 - (6 - (-9 - (-2 + -8 + 6)) - 8)?
36
Calculate (-36 - (-6 - (-6 - -14))) + -29.
-51
What is -17 + -7 + 24 + -5 - 46?
-51
What is the value of (29 - 33 - 6) + (7 - 13)?
-16
What is -7 + 14 + (-15 + (13 - 3) - 71)?
-69
Calculate -103 + -17 + -3 + 30 + 27.
-66
Calculate -2 + -33 + (216 - (214 + -12)).
-21
What is the value of -23 + -20 + 13 + -1 + (-6 - -7)?
-30
What is -50 - 28 - (30 - 68)?
-40
What is 20 + -18 + 23 + -20 + (-1 - (-4 - 0))?
8
Evaluate (-61 + 20 - -30) + -17 - -24.
-4
What is the value of 32 + (245 - 267 - (-16 - -1))?
25
Calculate 99 + -2 + 16 + (-17 - -2) + 5.
103
19 - (-18 - (64 + (-18 - -15)))
98
-9 + 24 + -9 + -12 + -25 + 3
-28
Evaluate (-14 - 15) + (-6 - (-2 - 0)).
-33
What is 43 + -165 + (-13 - 2 - -36)?
-101
What is the value of (-106 - (-113 + 53)) + 67?
21
What is 71 + -60 + 80 + -42?
49
Calculate -25 + (-15 - -44) - (-1 - -23).
-18
What is the value of (3 + -74 - (8 + -38)) + (1 - -1) + -1?
-40
What is the value of -263 - -268 - ((21 - 15) + (0 - -6))?
-7
(28 - 20) + (-80 - -46)
-26
What is the value of 1 - (-62 + (12 - 30) + -21)?
102
What is the value of -1065 + 1152 + 14 + -7?
94
5 + (10 - -23) + (-7 - -10) - -10
51
Evaluate 78 + 12 + -11 + 7 - (17 - (1 + 3)).
73
Evaluate 104 - (-14 + -20 - -72).
66
Evaluate 64 + -1 + 27 + (-80 - -57) + -3 + -1.
63
What is the value of 1 + (110 - 206) + 33?
-62
Evaluate (4 - -58) + 68 + -280.
-150
8 - (-2 + -4) - (96 - 127)
45
Calculate 2 + -21 + 13 + 18 + -46 + 3 + -6.
-37
93 + -89 + (2 - (21 - 8))
-7
-5 + -94 + 119 + -90
-70
Calculate -29 - (-33 - (-41 - -14)).
-23
Evaluate 5 + (-9 + 8 - (-2 + 2) - -8) - -6.
18
-106 - -25 - -63 - -16
-2
Evaluate -1 - -14 - (-15 + (-10 - (-37 - -16))).
17
What is the value of 1 + 16 + -22 + -12 + 0?
-17
-13 + (-39 + 10 - -37 - -70)
65
What is the value of 50 + 4 + -8 - (-29 - -10)?
65
Calculate 2132 + -2242 - (-46 - -2).
-66
Evaluate (62 - 41 - (45 - 26)) + (32 - 0).
34
(-35 - -17) + (5 - (4 + -3))
-14
What is (71 - 79) + 0 + 33?
25
-17 + 2 + 20 + 11 + -43 + 0
-27
What is (107 - 25) + (-7 + -7 + 5 - (-3 - -2))?
74
What is the value of -190 + (-13 - 86) + 193?
-96
Evaluate -106 + 9 + -1 + (-17 - (10 + -15) - -16).
-94
What is the value of -8 + (-33 + 57 - -26)?
42
Calculate 4 + -3 + (-26 - -35) - -23.
33
Evaluate 93 + -25 + -66 + -2 + 46.
46
3 - ((-13 - (-2 + -32 + 18)) + -17)
17
Calculate 22 + 2 + (66 - (40 + 69)).
-19
What is 20 + -41 + 27 + 43 + -83?
-34
Evaluate -54 - (28 + -77 - -17).
-22
Evaluate -3 + 3 - (1 + -24) - (-53 - (-37 - 7)).
32
-12 + (33 + -64 - -29) - (5 + -2 - 2)
-15
Evaluate 28 + (0 - 1) - (-16 + 8 + 17 + -1).
19
Evaluate (71 - (30 - -18)) + 1.
24
14 - (-54 + 65 + -9)
12
15 + (2 - (-15 + 10)) - 21
1
Evaluate -184 + (-20 - -89) + 97.
-18
-3 + 0 + 29 - (272 + -260)
14
Evaluate (-6419 - -6462) + (-1 - (1 + 6)).
35
Calculate 45 + (51 - 95) + (0 - 9).
-8
Evaluate (0 - 1 - -19 - (-892 - -899)) + 8.
19
What is (-27 + 12 - 17) + 14 - -27?
9
0 + 30 - (50 - ((28 - 50) + 56))
14
What is 19 - 24 - 25 - -78?
48
What is -214 + (-67 + -20 - -221)?
-80
What is 30 - (-38 + 26) - -56?
98
Calculate (-11 - 25) + 0 + 1 + -10 + 13.
-32
What is (-9 - (25 - 1 - (-101 + 127))) + 72 + -1?
64
Calculate 69 - (35 - -45) - (-1 + (0 - 39)).
29
Calculate 1966 - 2015 - (13 - 0).
-62
What is the value of 2 + -9 - (-32 - ((25 - 25) + -4))?
21
What is the value of -580 + 540 + 9 + 113?
82
296 - (244 - -53) - (-2 - (-58 + 0))
-57
(3 - -15) + -30 - (-4 - -71)
-79
Evaluate -12 + 18 + 36 + -28 - -109.
123
Evaluate -51 + (-7 - ((-9 - 0) + (22 - 24 - -8))).
-55
Evaluate 11 - -9 - (-2 + 23 + -42 + -79).
120
-110 + 220 + -220 - -8
-102
Calculate 113 + -95 - (0 + 15 - (-2 - -7)).
8
Evaluate -68 + -4 + (-15 - (-13 - -10) - -1).
-83
What is 0 - 10 - (4502 - 4476)?
-36
What is 330 + -320 - (38 - (1 + 1))?
-26
Calculate (5 - 6 - -49) + 10 + (-6 - 12 - -12).
52
Evaluate 48 + -10 - (-29 - -52) - -47.
62
What is 6 + -2 - (219 + -35 + -141)?
-39
What is (-2 - (1 + -135)) + -13579 + 13542?
95
Calculate -211 - -246 - (-